{"id":15816,"date":"2024-11-26T16:58:27","date_gmt":"2024-11-26T15:58:27","guid":{"rendered":"https:\/\/collectifmdm-idf.org\/?post_type=tribe_events&#038;p=15816"},"modified":"2024-11-26T17:26:40","modified_gmt":"2024-11-26T16:26:40","slug":"lehna-scenes-du-monde-au-canal","status":"publish","type":"tribe_events","link":"https:\/\/collectifmdm-idf.org\/annuaire5\/event\/lehna-scenes-du-monde-au-canal\/","title":{"rendered":"Lehna | Sc\u00e8nes du monde au Canal #3"},"content":{"rendered":"\r\n\r\n\r\n<div class=\"wp-block-buttons is-layout-flex wp-block-buttons-is-layout-flex\">\r\n<div class=\"wp-block-button\"><a class=\"wp-block-button__link has-white-color has-luminous-vivid-orange-background-color has-text-color has-background has-link-color wp-element-button\" style=\"border-radius: 0px;\" href=\"https:\/\/billetterie.crl10.net\/agenda\/37-lehna\" target=\"_blank\" rel=\"noopener\"><strong>\u200bR\u00c9SERVER<\/strong><\/a><\/div>\r\n<\/div>\r\n<p><strong>Les chansons que composent Lehna ont une racine commune : la musique dite \u00ab folk \u00bb. Une racine profonde qui relie entre elles des traditions musicales pourtant \u00e9loign\u00e9es g\u00e9ographiquement &#8211; entre Nords et Suds, Ouest et Est &#8211; par le soin apport\u00e9 \u00e0 la beaut\u00e9 des m\u00e9lodies, \u00e0 leur richesse rythmique et \u00e0 la po\u00e9sie ; une racine qui fait r\u00e9sonner \u00e0 travers mers et terres, le m\u00eame battement de c\u0153ur, la m\u00eame n\u00e9cessit\u00e9 de \u00ab dire \u00bb l\u2019humain, de \u00abraconter\u00bb son existence.<\/strong><\/p>\r\n<p>Envelopp\u00e9e dans l\u2019\u00e9crin des percussions de Nicolas Martinez et de la guitare \u00e9lectrique de Guillaume Magne, jouant elle-m\u00eame du charango ou de la guitare, Lehna chante, raconte des histoires et nous fait voyager \u00e0 travers des paysages in\u00e9dits aux couleurs vibrantes et intenses. Le trio livre des chansons \u00ab \u00e0 l\u2019os \u00bb dans une \u00e9pure qui donne \u00e0 la musique une immense force d\u2019expression.<\/p>\r\n<p>Tout en se permettant quelques d\u00e9tours dans les langues qui la passionnent \u2013 Lehna a v\u00e9cu au Chili, en Irlande, au Canada &#8211; elle pr\u00e9sente dans \u00ab Ombelles \u00bb des textes principalement en Fran\u00e7ais, port\u00e9s par des m\u00e9lodies inspir\u00e9es de ces voyages et des divers genres musicaux qui sont autant d\u2019influences qu\u2019on retrouve dans ses compositions : world, jazz, folk&#8230;. Elle am\u00e8ne la langue fran\u00e7aise sur des territoires nouveaux, l\u00e0 o\u00f9 elle rencontre le rythme traditionnel argentin de la \u00abzamba\u00bb, le charango (petite guitare andine) ou encore le bombo (tambour andin).<\/p>\r\n<p>Lehna fait de la musique comme elle respire : le nez au vent, l\u2019oreille grande ouverte et le regard aimant, elle s\u2019impr\u00e8gne d\u2019abord, et raconte ensuite. Des m\u00e9lodies celtiques qu\u2019elle jouait au violon, elle a gard\u00e9 le go\u00fbt de partager le son. Foudroy\u00e9e par Bob Dylan, puis Violeta Parra, elle se saisit de la guitare folk pour capter l\u2019esprit d\u2019un monde immense, polyglotte, et pratiquer cet art ancestral qui est de faire exister une \u00e9motion, une destin\u00e9e, dans les quelques minutes que durent une chanson.<\/p>\r\n<p>.<\/p>\r\n<p>&nbsp;<\/p>\r\n<p><div class=\"responsive-container\"><iframe title=\"LEHNA-COSECHA (clip officiel)\" width=\"640\" height=\"360\" src=\"https:\/\/www.youtube.com\/embed\/Z_oshODM9aI?feature=oembed\" frameborder=\"0\" allow=\"accelerometer; autoplay; clipboard-write; encrypted-media; gyroscope; picture-in-picture; web-share\" referrerpolicy=\"strict-origin-when-cross-origin\" allowfullscreen><\/iframe><\/div><\/p>\r\n<p>&nbsp;<\/p>\r\n<p>En partenariat avec l\u2019<a href=\"https:\/\/www.crl10.net\/\" target=\"_blank\" rel=\"noreferrer noopener\"><strong>association CRL10<\/strong><\/a><\/p>\r\n\r\n\r\n\r\n\r\n\r\n\r\n\r\n\r\n\r\n\r\n","protected":false},"excerpt":{"rendered":"","protected":false},"author":1,"featured_media":15817,"comment_status":"open","ping_status":"closed","template":"","meta":{"_rtcl_gb_attr":"","_tribe_events_status":"","_tribe_events_status_reason":"","footnotes":""},"tags":[106,110,115,554,109,498],"tribe_events_cat":[559],"class_list":["post-15816","tribe_events","type-tribe_events","status-publish","has-post-thumbnail","hentry","tag-crl10","tag-espace-jemmapes","tag-folk","tag-lehna","tag-scene-du-canal","tag-scenes-du-monde-au-canal","tribe_events_cat-concert","cat_concert"],"_links":{"self":[{"href":"https:\/\/collectifmdm-idf.org\/annuaire5\/wp-json\/wp\/v2\/tribe_events\/15816","targetHints":{"allow":["GET"]}}],"collection":[{"href":"https:\/\/collectifmdm-idf.org\/annuaire5\/wp-json\/wp\/v2\/tribe_events"}],"about":[{"href":"https:\/\/collectifmdm-idf.org\/annuaire5\/wp-json\/wp\/v2\/types\/tribe_events"}],"author":[{"embeddable":true,"href":"https:\/\/collectifmdm-idf.org\/annuaire5\/wp-json\/wp\/v2\/users\/1"}],"replies":[{"embeddable":true,"href":"https:\/\/collectifmdm-idf.org\/annuaire5\/wp-json\/wp\/v2\/comments?post=15816"}],"version-history":[{"count":6,"href":"https:\/\/collectifmdm-idf.org\/annuaire5\/wp-json\/wp\/v2\/tribe_events\/15816\/revisions"}],"predecessor-version":[{"id":15871,"href":"https:\/\/collectifmdm-idf.org\/annuaire5\/wp-json\/wp\/v2\/tribe_events\/15816\/revisions\/15871"}],"wp:featuredmedia":[{"embeddable":true,"href":"https:\/\/collectifmdm-idf.org\/annuaire5\/wp-json\/wp\/v2\/media\/15817"}],"wp:attachment":[{"href":"https:\/\/collectifmdm-idf.org\/annuaire5\/wp-json\/wp\/v2\/media?parent=15816"}],"wp:term":[{"taxonomy":"post_tag","embeddable":true,"href":"https:\/\/collectifmdm-idf.org\/annuaire5\/wp-json\/wp\/v2\/tags?post=15816"},{"taxonomy":"tribe_events_cat","embeddable":true,"href":"https:\/\/collectifmdm-idf.org\/annuaire5\/wp-json\/wp\/v2\/tribe_events_cat?post=15816"}],"curies":[{"name":"wp","href":"https:\/\/api.w.org\/{rel}","templated":true}]}}

Lehna | Scènes du monde au Canal #3

<div class="wp-block-buttons is-layout-flex wp-block-buttons-is-layout-flex">
<div class="wp-block-button"><a class="wp-block-button__link has-white-color has-luminous-vivid-orange-background-color has-text-color has-background has-link-color wp-element-button" style="border-radius: 0px;" href="https://billetterie.crl10.net/agenda/37-lehna" target="_blank" rel="noopener"><strong>​RÉSERVER</strong></a></div>
</div>
<p><strong>Les chansons que composent Lehna ont une racine commune : la musique dite « folk ». Une racine profonde qui relie entre elles des traditions musicales pourtant éloignées géographiquement &#8211; entre Nords et Suds, Ouest et Est &#8211; par le soin apporté à la beauté des mélodies, à leur richesse rythmique et à la poésie ; une racine qui fait résonner à travers mers et terres, le même battement de cœur, la même nécessité de « dire » l’humain, de «raconter» son existence.</strong></p>
<p>Enveloppée dans l’écrin des percussions de Nicolas Martinez et de la guitare électrique de Guillaume Magne, jouant elle-même du charango ou de la guitare, Lehna chante, raconte des histoires et nous fait voyager à travers des paysages inédits aux couleurs vibrantes et intenses. Le trio livre des chansons « à l’os » dans une épure qui donne à la musique une immense force d’expression.</p>
<p>Tout en se permettant quelques détours dans les langues qui la passionnent – Lehna a vécu au Chili, en Irlande, au Canada &#8211; elle présente dans « Ombelles » des textes principalement en Français, portés par des mélodies inspirées de ces voyages et des divers genres musicaux qui sont autant d’influences qu’on retrouve dans ses compositions : world, jazz, folk&#8230;. Elle amène la langue française sur des territoires nouveaux, là où elle rencontre le rythme traditionnel argentin de la «zamba», le charango (petite guitare andine) ou encore le bombo (tambour andin).</p>
<p>Lehna fait de la musique comme elle respire : le nez au vent, l’oreille grande ouverte et le regard aimant, elle s’imprègne d’abord, et raconte ensuite. Des mélodies celtiques qu’elle jouait au violon, elle a gardé le goût de partager le son. Foudroyée par Bob Dylan, puis Violeta Parra, elle se saisit de la guitare folk pour capter l’esprit d’un monde immense, polyglotte, et pratiquer cet art ancestral qui est de faire exister une émotion, une destinée, dans les quelques minutes que durent une chanson.</p>
<p>.</p>
<p>&nbsp;</p>
<p><div class="responsive-container"><iframe title="LEHNA-COSECHA (clip officiel)" width="640" height="360" src="https://www.youtube.com/embed/Z_oshODM9aI?feature=oembed" frameborder="0" allow="accelerometer; autoplay; clipboard-write; encrypted-media; gyroscope; picture-in-picture; web-share" referrerpolicy="strict-origin-when-cross-origin" allowfullscreen></iframe></div></p>
<p>&nbsp;</p>
<p>En partenariat avec l’<a href="https://www.crl10.net/" target="_blank" rel="noreferrer noopener"><strong>association CRL10</strong></a></p>
