{"id":15812,"date":"2024-11-26T16:54:02","date_gmt":"2024-11-26T15:54:02","guid":{"rendered":"https:\/\/collectifmdm-idf.org\/?post_type=tribe_events&#038;p=15812"},"modified":"2024-11-26T17:26:51","modified_gmt":"2024-11-26T16:26:51","slug":"qairo-scenes-du-monde-au-canal","status":"publish","type":"tribe_events","link":"https:\/\/collectifmdm-idf.org\/annuaire5\/event\/qairo-scenes-du-monde-au-canal\/","title":{"rendered":"Qairo | Sc\u00e8nes du monde au Canal #3"},"content":{"rendered":"\r\n\r\n\r\n<div class=\"wp-block-buttons is-layout-flex wp-block-buttons-is-layout-flex\">\r\n<div class=\"wp-block-button\"><a class=\"wp-block-button__link has-white-color has-luminous-vivid-orange-background-color has-text-color has-background has-link-color wp-element-button\" style=\"border-radius: 0px;\" href=\"https:\/\/billetterie.crl10.net\/agenda\/24-qairo\" target=\"_blank\" rel=\"noopener\"><strong>\u200bR\u00c9SERVER<\/strong><\/a><\/div>\r\n<\/div>\r\n\r\n\r\n\r\n<p><strong>Fusion dynamique de flamenco, musique turque et influences orientales, les compositions de Qairo offrent une exp\u00e9rience multiculturelle captivante. La danse y brille, v\u00e9ritable instrument \u00e0 part enti\u00e8re. Leur musique m\u00e9tiss\u00e9e m\u00eale chant espagnol, oud et clarinette turque, sur des grooves irr\u00e9sistibles. Une aventure sonore sans fronti\u00e8res, \u00e9lectrisante sur sc\u00e8ne et envo\u00fbtante sur disque.<\/strong><\/p>\r\n<p>Il existe une ville imaginaire o\u00f9 se m\u00e9langent l\u2019encens et la fleur d&#8217;oranger, o\u00f9 l\u2019oud dialogue avec la clarinette, o\u00f9 la danse et le chant fusionnent et nous embarquent sur les rives de la M\u00e9diterran\u00e9e. Cette ville, c\u2019est la musique de Qairo.<\/p>\r\n<p>Pour les 5 membres de Qairo, le voyage est essentiel \u00e0 la cr\u00e9ation, la diversit\u00e9 est une richesse et la musique f\u00e9d\u00e8re les peuples. Leurs morceaux sont le fruit d&#8217;un m\u00e9tissage \u00e9labor\u00e9 o\u00f9 les styles s&#8217;entrem\u00ealent harmonieusement. Nous sommes transport\u00e9s sur une Route des \u00e9pices contemporaine o\u00f9 le chant en espagnol cohabite avec l\u2019oud et la clarinette turque, sur fond de grooves dansants. Une musique sans fronti\u00e8res &#8211; entre Isra\u00ebl Fern\u00e1ndez, Ladaniva et Balkan Beat Box &#8211; qui s\u2019exprime sur sc\u00e8ne tout autant que sur disque. Leur premier album &#8211; sobrement baptis\u00e9 Qairo &#8211; cr\u00e9\u00e9 un chemin entre l\u2019Orient et le flamenco arabo-andalou, r\u00e9unissant ainsi les diff\u00e9rentes influences de chacun des membres du groupe.<\/p>\r\n<p><div class=\"responsive-container\"><iframe title=\"Qairo - Teaser - Live au Rocher de Palmer, 2024\" width=\"640\" height=\"360\" src=\"https:\/\/www.youtube.com\/embed\/v07Y6XepWGw?feature=oembed\" frameborder=\"0\" allow=\"accelerometer; autoplay; clipboard-write; encrypted-media; gyroscope; picture-in-picture; web-share\" referrerpolicy=\"strict-origin-when-cross-origin\" allowfullscreen><\/iframe><\/div><\/p>\r\n<p>&nbsp;<\/p>\r\n<p>En partenariat avec l\u2019<a href=\"https:\/\/www.crl10.net\/\" target=\"_blank\" rel=\"noreferrer noopener\"><strong>association CRL10<\/strong><\/a><\/p>\r\n\r\n\r\n\r\n\r\n\r\n\r\n\r\n\r\n\r\n\r\n","protected":false},"excerpt":{"rendered":"<p>Fusion dynamique de flamenco, musique turque et influences orientales, les compositions de Qairo offrent une exp\u00e9rience multiculturelle captivante. La danse y brille, v\u00e9ritable instrument \u00e0 part enti\u00e8re. Leur musique m\u00e9tiss\u00e9e m\u00eale chant espagnol, oud et clarinette turque, sur des grooves irr\u00e9sistibles. Une<\/p>\n<p class=\"link-more\"><a class=\"myButt \" href=\"https:\/\/collectifmdm-idf.org\/annuaire5\/event\/qairo-scenes-du-monde-au-canal\/\">EN SAVOIR +<\/a><\/p>\n","protected":false},"author":1,"featured_media":15815,"comment_status":"open","ping_status":"closed","template":"","meta":{"_rtcl_gb_attr":"","_tribe_events_status":"","_tribe_events_status_reason":"","footnotes":""},"tags":[106,110,578,576,109,498],"tribe_events_cat":[559],"class_list":["post-15812","tribe_events","type-tribe_events","status-publish","has-post-thumbnail","hentry","tag-crl10","tag-espace-jemmapes","tag-flamenco","tag-quairo","tag-scene-du-canal","tag-scenes-du-monde-au-canal","tribe_events_cat-concert","cat_concert"],"_links":{"self":[{"href":"https:\/\/collectifmdm-idf.org\/annuaire5\/wp-json\/wp\/v2\/tribe_events\/15812","targetHints":{"allow":["GET"]}}],"collection":[{"href":"https:\/\/collectifmdm-idf.org\/annuaire5\/wp-json\/wp\/v2\/tribe_events"}],"about":[{"href":"https:\/\/collectifmdm-idf.org\/annuaire5\/wp-json\/wp\/v2\/types\/tribe_events"}],"author":[{"embeddable":true,"href":"https:\/\/collectifmdm-idf.org\/annuaire5\/wp-json\/wp\/v2\/users\/1"}],"replies":[{"embeddable":true,"href":"https:\/\/collectifmdm-idf.org\/annuaire5\/wp-json\/wp\/v2\/comments?post=15812"}],"version-history":[{"count":7,"href":"https:\/\/collectifmdm-idf.org\/annuaire5\/wp-json\/wp\/v2\/tribe_events\/15812\/revisions"}],"predecessor-version":[{"id":15872,"href":"https:\/\/collectifmdm-idf.org\/annuaire5\/wp-json\/wp\/v2\/tribe_events\/15812\/revisions\/15872"}],"wp:featuredmedia":[{"embeddable":true,"href":"https:\/\/collectifmdm-idf.org\/annuaire5\/wp-json\/wp\/v2\/media\/15815"}],"wp:attachment":[{"href":"https:\/\/collectifmdm-idf.org\/annuaire5\/wp-json\/wp\/v2\/media?parent=15812"}],"wp:term":[{"taxonomy":"post_tag","embeddable":true,"href":"https:\/\/collectifmdm-idf.org\/annuaire5\/wp-json\/wp\/v2\/tags?post=15812"},{"taxonomy":"tribe_events_cat","embeddable":true,"href":"https:\/\/collectifmdm-idf.org\/annuaire5\/wp-json\/wp\/v2\/tribe_events_cat?post=15812"}],"curies":[{"name":"wp","href":"https:\/\/api.w.org\/{rel}","templated":true}]}}

Qairo | Scènes du monde au Canal #3

<div class="wp-block-buttons is-layout-flex wp-block-buttons-is-layout-flex">
<div class="wp-block-button"><a class="wp-block-button__link has-white-color has-luminous-vivid-orange-background-color has-text-color has-background has-link-color wp-element-button" style="border-radius: 0px;" href="https://billetterie.crl10.net/agenda/24-qairo" target="_blank" rel="noopener"><strong>​RÉSERVER</strong></a></div>
</div>



<p><strong>Fusion dynamique de flamenco, musique turque et influences orientales, les compositions de Qairo offrent une expérience multiculturelle captivante. La danse y brille, véritable instrument à part entière. Leur musique métissée mêle chant espagnol, oud et clarinette turque, sur des grooves irrésistibles. Une aventure sonore sans frontières, électrisante sur scène et envoûtante sur disque.</strong></p>
<p>Il existe une ville imaginaire où se mélangent l’encens et la fleur d&#8217;oranger, où l’oud dialogue avec la clarinette, où la danse et le chant fusionnent et nous embarquent sur les rives de la Méditerranée. Cette ville, c’est la musique de Qairo.</p>
<p>Pour les 5 membres de Qairo, le voyage est essentiel à la création, la diversité est une richesse et la musique fédère les peuples. Leurs morceaux sont le fruit d&#8217;un métissage élaboré où les styles s&#8217;entremêlent harmonieusement. Nous sommes transportés sur une Route des épices contemporaine où le chant en espagnol cohabite avec l’oud et la clarinette turque, sur fond de grooves dansants. Une musique sans frontières &#8211; entre Israël Fernández, Ladaniva et Balkan Beat Box &#8211; qui s’exprime sur scène tout autant que sur disque. Leur premier album &#8211; sobrement baptisé Qairo &#8211; créé un chemin entre l’Orient et le flamenco arabo-andalou, réunissant ainsi les différentes influences de chacun des membres du groupe.</p>
<p><div class="responsive-container"><iframe title="Qairo - Teaser - Live au Rocher de Palmer, 2024" width="640" height="360" src="https://www.youtube.com/embed/v07Y6XepWGw?feature=oembed" frameborder="0" allow="accelerometer; autoplay; clipboard-write; encrypted-media; gyroscope; picture-in-picture; web-share" referrerpolicy="strict-origin-when-cross-origin" allowfullscreen></iframe></div></p>
<p>&nbsp;</p>
<p>En partenariat avec l’<a href="https://www.crl10.net/" target="_blank" rel="noreferrer noopener"><strong>association CRL10</strong></a></p>

<p>Fusion dynamique de flamenco, musique turque et influences orientales, les compositions de Qairo offrent une expérience multiculturelle captivante. La danse y brille, véritable instrument à part entière. Leur musique métissée mêle chant espagnol, oud et clarinette turque, sur des grooves irrésistibles. Une</p>
<p class="link-more"><a class="myButt " href="https://collectifmdm-idf.org/annuaire5/event/qairo-scenes-du-monde-au-canal/">EN SAVOIR +</a></p>
