{"id":15784,"date":"2024-11-06T15:35:10","date_gmt":"2024-11-06T14:35:10","guid":{"rendered":"https:\/\/collectifmdm-idf.org\/?post_type=tribe_events&#038;p=15784"},"modified":"2024-11-06T16:21:21","modified_gmt":"2024-11-06T15:21:21","slug":"prix-des-musiques-dici-les-finalistes-2024-au-point-fort-aubervilliers","status":"publish","type":"tribe_events","link":"https:\/\/collectifmdm-idf.org\/annuaire5\/event\/prix-des-musiques-dici-les-finalistes-2024-au-point-fort-aubervilliers\/","title":{"rendered":"Prix des Musiques d&#8217;ICI | Les Finalistes 2024 au Point Fort d&#8217;Aubervilliers"},"content":{"rendered":"\r\n\r\n\r\n<div class=\"wp-block-buttons is-layout-flex wp-block-buttons-is-layout-flex\">\r\n<h3 class=\"wp-block-button\"><a class=\"wp-block-button__link has-white-color has-luminous-vivid-orange-background-color has-text-color has-background has-link-color wp-element-button\" style=\"border-radius: 0px;\" href=\"https:\/\/www.villesdesmusiquesdumonde.com\/evenement\/finalistes-2024-prix-des-musiques-dici\/\" target=\"_blank\" rel=\"noopener\"><strong>R\u00c9SERVER<\/strong><\/a><\/h3>\r\n<\/div>\r\n\r\n\r\n\r\n<p><strong><br \/>Apr\u00e8s avoir montr\u00e9 leurs talents et d\u00e9voil\u00e9 leurs imaginaires, lors de trois soir\u00e9es dans le cadre du MaMA, les six candidats du <a href=\"https:\/\/prixdesmusiquesdici.com\/site\/\" target=\"_blank\" rel=\"noopener\">Prix des Musiques d\u2019ICI<\/a>\u00a0vont pr\u00e9ciser les contours de leurs univers respectifs.<br \/><br \/><\/strong><\/p>\r\n<h1 class=\"nomartiste\">A\u00eftawa<\/h1>\r\n<h4 class=\"nomartiste\">AFRO-COLOMBIEN<\/h4>\r\n<div id=\"artdesc\">\r\n<p>Alors que la cumbia incarne le rythme incontournable des musiques colombiennes, le quatuor franco-colombien nous emm\u00e8ne \u00e0 la d\u00e9couverte des autres richesses musicales qui composent ce pays. Les instruments traditionnels c\u00f4toient Fender Rhodes, guitare, saxophone pour une plong\u00e9e mystique au c\u0153ur du mouvement psych\u00e9d\u00e9lique tropical.<\/p>\r\n<\/div>\r\n<p><div class=\"responsive-container\"><iframe title=\"A\u00eftawa Teaser Live\" width=\"640\" height=\"360\" src=\"https:\/\/www.youtube.com\/embed\/aCRsRmoRrnY?feature=oembed\" frameborder=\"0\" allow=\"accelerometer; autoplay; clipboard-write; encrypted-media; gyroscope; picture-in-picture; web-share\" referrerpolicy=\"strict-origin-when-cross-origin\" allowfullscreen><\/iframe><\/div><\/p>\r\n<h1 class=\"nomartiste\"><br \/>Dendana<\/h1>\r\n<h4 id=\"styleart\">CHANSON NORD-AFRICAINE<\/h4>\r\n<div id=\"artdesc\">\r\n<p>Nassim Dendane alias Dendana, est un auteur-compositeur-interpr\u00e8te, n\u00e9 en 1988 \u00e0 Tlemcen, en Alg\u00e9rie \u2013 une ville aux traditions arabo-andalouses \u2013 dans une famille de musiciens : son p\u00e8re est professeur de solf\u00e8ge au conservatoire. Sur sc\u00e8ne, sa personnalit\u00e9 solaire, sa pr\u00e9sence chaleureuse et son ouverture captent le public, ses performances live transportent et fr\u00f4lent la transe. Ses valeurs d\u2019ouverture sur le monde et d\u2019abolition des fronti\u00e8res musicales, en font<br \/>malgr\u00e9 lui un artiste engag\u00e9, dont les performances live touchent au c\u0153ur et \u00e0 l\u2019\u00e2me.<\/p>\r\n<p>Dendana choisit pour son quatri\u00e8me album le titre Chadi Madi, une expression qui \u00e9quivaut \u00e0 l&#8217; \u00bbAm Stram Gram \u00bb des pays francophones. Cette phrase, qui renvoie \u00e0 son enfance dans les quartiers populaires de Tlemcen en Alg\u00e9rie, \u00e9voque le retour aux sources.<\/p>\r\n<p><div class=\"responsive-container\"><iframe title=\"DENDANA_Live_Institut du Monde Arabe_Sortie d&#039;album_Chadi Madi_03\/03\/2023.\" width=\"640\" height=\"360\" src=\"https:\/\/www.youtube.com\/embed\/G3H1oxTErVU?feature=oembed\" frameborder=\"0\" allow=\"accelerometer; autoplay; clipboard-write; encrypted-media; gyroscope; picture-in-picture; web-share\" referrerpolicy=\"strict-origin-when-cross-origin\" allowfullscreen><\/iframe><\/div><\/p>\r\n<\/div>\r\n<h1 class=\"nomartiste\"><br \/>Elektre<\/h1>\r\n<h4 id=\"styleart\">GREEK FOLKONICA<\/h4>\r\n<div id=\"artdesc\">\r\n<p>Enracin\u00e9es dans le folklore grec, les m\u00e9lodies d\u2019Elektre explorent les sonorit\u00e9s urbaines pour impulser un live lancinant, \u00e9nergique et dansant. En lui offrant une parure aux accents trap et reggaeton, le projet Elektre rend hommage aux origines urbaines du rebetiko : n\u00e9 dans les quartiers pauvres d\u2019Ath\u00e8nes vers 1920, le rebetiko est le style musical cr\u00e9\u00e9 par les grecs exil\u00e9s d\u2019Anatolie qui chantent une vie de boh\u00e8me, de parias, teint\u00e9e d\u2019ivresse et de clandestinit\u00e9.<\/p>\r\n<p><div class=\"responsive-container\"><iframe title=\"ELEKTRE - IRTHA TA KSIMEROMATA\" width=\"640\" height=\"360\" src=\"https:\/\/www.youtube.com\/embed\/KQTHWkBbQbI?feature=oembed\" frameborder=\"0\" allow=\"accelerometer; autoplay; clipboard-write; encrypted-media; gyroscope; picture-in-picture; web-share\" referrerpolicy=\"strict-origin-when-cross-origin\" allowfullscreen><\/iframe><\/div><\/p>\r\n<\/div>\r\n<p>&nbsp;<\/p>\r\n<h1 class=\"nomartiste\">\u00c9l\u00e9onore Fourniau<\/h1>\r\n<h4 id=\"styleart\">MUSIQUE KURDE ET ANATOLIENNE<\/h4>\r\n<div id=\"artdesc\">\r\n<p>Depuis 2010, El\u00e9onore Fourniau a construit sa vie au sein des communaut\u00e9s kurdes et al\u00e9vis de Turquie et de la diaspora, et s\u2019est impos\u00e9e sur la sc\u00e8ne internationale comme une artiste kurde \u00e0 part enti\u00e8re.<\/p>\r\n<p><div class=\"responsive-container\"><iframe title=\"El\u00e9onore, Xwez\u00ee min tu nasnekir ba\" width=\"640\" height=\"360\" src=\"https:\/\/www.youtube.com\/embed\/In2Snl7_S2I?feature=oembed\" frameborder=\"0\" allow=\"accelerometer; autoplay; clipboard-write; encrypted-media; gyroscope; picture-in-picture; web-share\" referrerpolicy=\"strict-origin-when-cross-origin\" allowfullscreen><\/iframe><\/div><\/p>\r\n<p>&nbsp;<\/p>\r\n<\/div>\r\n<h1 class=\"nomartiste\">Mezar<\/h1>\r\n<h4 id=\"styleart\">POST DIWAN<\/h4>\r\n<div id=\"artdesc\">\r\n<p>Issu de racines multiples, Mezar (ex Nomad ben Stones) est un projet inspir\u00e9 des milliards de poussi\u00e8res que chacun s\u00e8me sur son chemin. De cette errance travers\u00e9e \u00e0 la poursuite de la vie, on explore les possibilit\u00e9s d\u2019une musique dont les fronti\u00e8res se meuvent au gr\u00e9 des temps.<br \/>Apr\u00e8s l\u2019obtention du prix R\u00e9v\u00e9lations Radio-Canada \u00e0 Montr\u00e9al en 2019, les \u00e2mes nomades de ce projet post diwan s\u2019installent en France pour \u00e9crire leur nouvel album. Sohan sort en mai 2024 avec le soutien du Conseil des arts du Canada. Il invite \u00e0 un voyage po\u00e9tique inspir\u00e9 de la rencontre entre un astronaute et un Touareg unis dans leur qu\u00eate d\u2019une \u00e9toile perdue. Fantasme d\u2019une rencontre entre Hasna El Becharia et Brian Eno qui s\u2019allient pour explorer les chemins inconnus de la m\u00e9moire et r\u00e9inventer la figure du nomade anim\u00e9 d\u2019une curiosit\u00e9 sans limites.<\/p>\r\n<p><div class=\"responsive-container\"><iframe title=\"Salitou \u0633\u0627\u0644\u064a\u062a\u0648 (live \u00e0 l&#039;Astral) | Mezar\" width=\"640\" height=\"360\" src=\"https:\/\/www.youtube.com\/embed\/gcmgem_-i7E?feature=oembed\" frameborder=\"0\" allow=\"accelerometer; autoplay; clipboard-write; encrypted-media; gyroscope; picture-in-picture; web-share\" referrerpolicy=\"strict-origin-when-cross-origin\" allowfullscreen><\/iframe><\/div><\/p>\r\n<\/div>\r\n<p>&nbsp;<\/p>\r\n<p><br \/><br \/><strong>Le Collectif MDM IdF<\/strong> est partenaire du\u00a0 <a href=\"https:\/\/prixdesmusiquesdici.com\/site\/\" target=\"_blank\" rel=\"noreferrer noopener\"><strong>Prix des Musiques d&#8217;ICI,<\/strong><\/a> un<strong> dispositif <\/strong>de rep\u00e9rage et d&#8217;accompagnement port\u00e9 par <a href=\"https:\/\/www.villesdesmusiquesdumonde.com\/\"><strong>Villes des Musiques du Monde.<\/strong><\/a><\/p>\r\n\r\n\r\n\r\n\r\n\r\n\r\n\r\n\r\n\r\n\r\n","protected":false},"excerpt":{"rendered":"<p>Apr\u00e8s avoir montr\u00e9 leurs talents et d\u00e9voil\u00e9 leurs imaginaires, lors de trois soir\u00e9es dans le cadre du MaMA, les six candidats du Prix des Musiques d\u2019ICI\u00a0vont pr\u00e9ciser les contours de leurs univers respectifs. A\u00eftawa AFRO-COLOMBIEN Alors que la cumbia incarne le rythme<\/p>\n<p class=\"link-more\"><a class=\"myButt \" href=\"https:\/\/collectifmdm-idf.org\/annuaire5\/event\/prix-des-musiques-dici-les-finalistes-2024-au-point-fort-aubervilliers\/\">EN SAVOIR +<\/a><\/p>\n","protected":false},"author":1,"featured_media":15786,"comment_status":"open","ping_status":"closed","template":"","meta":{"_rtcl_gb_attr":"","_tribe_events_status":"","_tribe_events_status_reason":"","footnotes":""},"tags":[572,555,552,574,575,525,573,203,205],"tribe_events_cat":[559],"class_list":["post-15784","tribe_events","type-tribe_events","status-publish","has-post-thumbnail","hentry","tag-aitawa","tag-dendana","tag-elektre","tag-eleonore-fourniau","tag-gratuit","tag-le-point-fort-daubervilliers","tag-mezar","tag-prix-des-musiques-dici","tag-villes-des-musiques-du-monde","tribe_events_cat-concert","cat_concert"],"_links":{"self":[{"href":"https:\/\/collectifmdm-idf.org\/annuaire5\/wp-json\/wp\/v2\/tribe_events\/15784","targetHints":{"allow":["GET"]}}],"collection":[{"href":"https:\/\/collectifmdm-idf.org\/annuaire5\/wp-json\/wp\/v2\/tribe_events"}],"about":[{"href":"https:\/\/collectifmdm-idf.org\/annuaire5\/wp-json\/wp\/v2\/types\/tribe_events"}],"author":[{"embeddable":true,"href":"https:\/\/collectifmdm-idf.org\/annuaire5\/wp-json\/wp\/v2\/users\/1"}],"replies":[{"embeddable":true,"href":"https:\/\/collectifmdm-idf.org\/annuaire5\/wp-json\/wp\/v2\/comments?post=15784"}],"version-history":[{"count":18,"href":"https:\/\/collectifmdm-idf.org\/annuaire5\/wp-json\/wp\/v2\/tribe_events\/15784\/revisions"}],"predecessor-version":[{"id":15808,"href":"https:\/\/collectifmdm-idf.org\/annuaire5\/wp-json\/wp\/v2\/tribe_events\/15784\/revisions\/15808"}],"wp:featuredmedia":[{"embeddable":true,"href":"https:\/\/collectifmdm-idf.org\/annuaire5\/wp-json\/wp\/v2\/media\/15786"}],"wp:attachment":[{"href":"https:\/\/collectifmdm-idf.org\/annuaire5\/wp-json\/wp\/v2\/media?parent=15784"}],"wp:term":[{"taxonomy":"post_tag","embeddable":true,"href":"https:\/\/collectifmdm-idf.org\/annuaire5\/wp-json\/wp\/v2\/tags?post=15784"},{"taxonomy":"tribe_events_cat","embeddable":true,"href":"https:\/\/collectifmdm-idf.org\/annuaire5\/wp-json\/wp\/v2\/tribe_events_cat?post=15784"}],"curies":[{"name":"wp","href":"https:\/\/api.w.org\/{rel}","templated":true}]}}

<div class="wp-block-buttons is-layout-flex wp-block-buttons-is-layout-flex">
<h3 class="wp-block-button"><a class="wp-block-button__link has-white-color has-luminous-vivid-orange-background-color has-text-color has-background has-link-color wp-element-button" style="border-radius: 0px;" href="https://www.villesdesmusiquesdumonde.com/evenement/finalistes-2024-prix-des-musiques-dici/" target="_blank" rel="noopener"><strong>RÉSERVER</strong></a></h3>
</div>



<p><strong><br />Après avoir montré leurs talents et dévoilé leurs imaginaires, lors de trois soirées dans le cadre du MaMA, les six candidats du <a href="https://prixdesmusiquesdici.com/site/" target="_blank" rel="noopener">Prix des Musiques d’ICI</a> vont préciser les contours de leurs univers respectifs.<br /><br /></strong></p>
<h1 class="nomartiste">Aïtawa</h1>
<h4 class="nomartiste">AFRO-COLOMBIEN</h4>
<div id="artdesc">
<p>Alors que la cumbia incarne le rythme incontournable des musiques colombiennes, le quatuor franco-colombien nous emmène à la découverte des autres richesses musicales qui composent ce pays. Les instruments traditionnels côtoient Fender Rhodes, guitare, saxophone pour une plongée mystique au cœur du mouvement psychédélique tropical.</p>
</div>
<p><div class="responsive-container"><iframe title="Aïtawa Teaser Live" width="640" height="360" src="https://www.youtube.com/embed/aCRsRmoRrnY?feature=oembed" frameborder="0" allow="accelerometer; autoplay; clipboard-write; encrypted-media; gyroscope; picture-in-picture; web-share" referrerpolicy="strict-origin-when-cross-origin" allowfullscreen></iframe></div></p>
<h1 class="nomartiste"><br />Dendana</h1>
<h4 id="styleart">CHANSON NORD-AFRICAINE</h4>
<div id="artdesc">
<p>Nassim Dendane alias Dendana, est un auteur-compositeur-interprète, né en 1988 à Tlemcen, en Algérie – une ville aux traditions arabo-andalouses – dans une famille de musiciens : son père est professeur de solfège au conservatoire. Sur scène, sa personnalité solaire, sa présence chaleureuse et son ouverture captent le public, ses performances live transportent et frôlent la transe. Ses valeurs d’ouverture sur le monde et d’abolition des frontières musicales, en font<br />malgré lui un artiste engagé, dont les performances live touchent au cœur et à l’âme.</p>
<p>Dendana choisit pour son quatrième album le titre Chadi Madi, une expression qui équivaut à l&#8217; »Am Stram Gram » des pays francophones. Cette phrase, qui renvoie à son enfance dans les quartiers populaires de Tlemcen en Algérie, évoque le retour aux sources.</p>
<p><div class="responsive-container"><iframe title="DENDANA_Live_Institut du Monde Arabe_Sortie d&#039;album_Chadi Madi_03/03/2023." width="640" height="360" src="https://www.youtube.com/embed/G3H1oxTErVU?feature=oembed" frameborder="0" allow="accelerometer; autoplay; clipboard-write; encrypted-media; gyroscope; picture-in-picture; web-share" referrerpolicy="strict-origin-when-cross-origin" allowfullscreen></iframe></div></p>
</div>
<h1 class="nomartiste"><br />Elektre</h1>
<h4 id="styleart">GREEK FOLKONICA</h4>
<div id="artdesc">
<p>Enracinées dans le folklore grec, les mélodies d’Elektre explorent les sonorités urbaines pour impulser un live lancinant, énergique et dansant. En lui offrant une parure aux accents trap et reggaeton, le projet Elektre rend hommage aux origines urbaines du rebetiko : né dans les quartiers pauvres d’Athènes vers 1920, le rebetiko est le style musical créé par les grecs exilés d’Anatolie qui chantent une vie de bohème, de parias, teintée d’ivresse et de clandestinité.</p>
<p><div class="responsive-container"><iframe title="ELEKTRE - IRTHA TA KSIMEROMATA" width="640" height="360" src="https://www.youtube.com/embed/KQTHWkBbQbI?feature=oembed" frameborder="0" allow="accelerometer; autoplay; clipboard-write; encrypted-media; gyroscope; picture-in-picture; web-share" referrerpolicy="strict-origin-when-cross-origin" allowfullscreen></iframe></div></p>
</div>
<p>&nbsp;</p>
<h1 class="nomartiste">Éléonore Fourniau</h1>
<h4 id="styleart">MUSIQUE KURDE ET ANATOLIENNE</h4>
<div id="artdesc">
<p>Depuis 2010, Eléonore Fourniau a construit sa vie au sein des communautés kurdes et alévis de Turquie et de la diaspora, et s’est imposée sur la scène internationale comme une artiste kurde à part entière.</p>
<p><div class="responsive-container"><iframe title="Eléonore, Xwezî min tu nasnekir ba" width="640" height="360" src="https://www.youtube.com/embed/In2Snl7_S2I?feature=oembed" frameborder="0" allow="accelerometer; autoplay; clipboard-write; encrypted-media; gyroscope; picture-in-picture; web-share" referrerpolicy="strict-origin-when-cross-origin" allowfullscreen></iframe></div></p>
<p>&nbsp;</p>
</div>
<h1 class="nomartiste">Mezar</h1>
<h4 id="styleart">POST DIWAN</h4>
<div id="artdesc">
<p>Issu de racines multiples, Mezar (ex Nomad ben Stones) est un projet inspiré des milliards de poussières que chacun sème sur son chemin. De cette errance traversée à la poursuite de la vie, on explore les possibilités d’une musique dont les frontières se meuvent au gré des temps.<br />Après l’obtention du prix Révélations Radio-Canada à Montréal en 2019, les âmes nomades de ce projet post diwan s’installent en France pour écrire leur nouvel album. Sohan sort en mai 2024 avec le soutien du Conseil des arts du Canada. Il invite à un voyage poétique inspiré de la rencontre entre un astronaute et un Touareg unis dans leur quête d’une étoile perdue. Fantasme d’une rencontre entre Hasna El Becharia et Brian Eno qui s’allient pour explorer les chemins inconnus de la mémoire et réinventer la figure du nomade animé d’une curiosité sans limites.</p>
<p><div class="responsive-container"><iframe title="Salitou ساليتو (live à l&#039;Astral) | Mezar" width="640" height="360" src="https://www.youtube.com/embed/gcmgem_-i7E?feature=oembed" frameborder="0" allow="accelerometer; autoplay; clipboard-write; encrypted-media; gyroscope; picture-in-picture; web-share" referrerpolicy="strict-origin-when-cross-origin" allowfullscreen></iframe></div></p>
</div>
<p>&nbsp;</p>
<p><br /><br /><strong>Le Collectif MDM IdF</strong> est partenaire du  <a href="https://prixdesmusiquesdici.com/site/" target="_blank" rel="noreferrer noopener"><strong>Prix des Musiques d&#8217;ICI,</strong></a> un<strong> dispositif </strong>de repérage et d&#8217;accompagnement porté par <a href="https://www.villesdesmusiquesdumonde.com/"><strong>Villes des Musiques du Monde.</strong></a></p>

<p>Après avoir montré leurs talents et dévoilé leurs imaginaires, lors de trois soirées dans le cadre du MaMA, les six candidats du Prix des Musiques d’ICI vont préciser les contours de leurs univers respectifs. Aïtawa AFRO-COLOMBIEN Alors que la cumbia incarne le rythme</p>
<p class="link-more"><a class="myButt " href="https://collectifmdm-idf.org/annuaire5/event/prix-des-musiques-dici-les-finalistes-2024-au-point-fort-aubervilliers/">EN SAVOIR +</a></p>
