{"id":15749,"date":"2024-10-22T11:32:55","date_gmt":"2024-10-22T09:32:55","guid":{"rendered":"https:\/\/collectifmdm-idf.org\/?post_type=tribe_events&#038;p=15749"},"modified":"2024-11-26T17:26:19","modified_gmt":"2024-11-26T16:26:19","slug":"helena-recalde-christine-audat-scenes-du-monde-au-canal-2","status":"publish","type":"tribe_events","link":"https:\/\/collectifmdm-idf.org\/annuaire5\/event\/helena-recalde-christine-audat-scenes-du-monde-au-canal-2\/","title":{"rendered":"Elektre | Sc\u00e8nes du monde au Canal #3"},"content":{"rendered":"\r\n\r\n\r\n<div class=\"wp-block-buttons is-layout-flex wp-block-buttons-is-layout-flex\">\r\n<div class=\"wp-block-button\"><a class=\"wp-block-button__link has-white-color has-luminous-vivid-orange-background-color has-text-color has-background has-link-color wp-element-button\" style=\"border-radius: 0px;\" href=\"https:\/\/billetterie.crl10.net\/agenda\/25-elektre\" target=\"_blank\" rel=\"noopener\"><strong>\u200bR\u00c9SERVER<\/strong><\/a><\/div>\r\n<\/div>\r\n\r\n\r\n\r\n<p><strong>Voyagez \u00e0 travers le temps et la musique avec le trio Elektre !<\/strong><\/p>\r\n<p>Elektre, un trio qui fait le pont entre deux si\u00e8cles. Un voyage musical et \u00e9lectronique entre la Gr\u00e8ce des ann\u00e9es 1920 et le Paris m\u00e9tiss\u00e9 des ann\u00e9es 2020 \u00e0 l\u2019occasion de la 3\u00e8me \u00e9dition des Sc\u00e8nes du Monde au Canal.<\/p>\r\n<p>Dans la mythologie grecque, Elektra est un personnage complexe. M\u00e8re des harpies, fille de l\u2019Oc\u00e9an, cette h\u00e9ro\u00efne mythologique inspirera le nom donn\u00e9 au trio : Elektre. Comme un cri de douleur, un orage qui \u00e9clate gr\u00e2ce \u00e0 l\u2019harmonie des voix, Elektre repr\u00e9sente la puissance \u00e9lectrifiante de la voix tout en faisant une r\u00e9f\u00e9rence aux influences \u00e9lectroniques qui chevronnent le projet.<\/p>\r\n<p>Explorant un univers m\u00ealant au r\u00e9b\u00e9tiko et \u00e0 la chanson grecque, les mille et une textures sonores du trap et du reggaeton, cr\u00e9\u00e9es par les musiques assist\u00e9es par ordinateur, le trio sugg\u00e8re un voyage dans l\u2019histoire des f\u00e9minit\u00e9s grecques et plurielles gr\u00e2ce \u00e0 la musiques, l\u2019improvisation et la danse.<\/p>\r\n<p>Elektre revisite le patrimoine culturel grec en y injectant des productions urbaines. De rendre cette musique peu diffus\u00e9e en France accessible \u00e0 un public plus large par le biais de l\u2019approche \u00e9lectro-urbaine. Se faisant, le trio fait la belle part \u00e0 la voix grecque, si m\u00e9lismatique, dense et prodigieuse, h\u00e9ritage ottoman et t\u00e9moin de la richesse d\u2019influences de la Gr\u00e8ce, qui est \u201cau carrefour entre Orient et Occident\u201d.<\/p>\r\n<p>N\u00e9 en 2023, le trio de folklore grec-electronique, Elektre est imm\u00e9diatement rep\u00e9r\u00e9 par le Dispositif d&#8217;Accompagnement Women Beats. Il sera alors soutenu par la SMAC de Gennevilliers, le Tamanoir avant d&#8217;\u00eatre nomm\u00e9, en 2024, finaliste du Prix des Musiques d&#8217;ici et de remporter le dispositif d&#8217;accompagnement &#8220;Le d\u00e9clencheur&#8221; de la MJC de Sceaux.<\/p>\r\n<p>&nbsp;<\/p>\r\n<p><div class=\"responsive-container\"><iframe title=\"ELEKTRE - IRTHA TA KSIMEROMATA\" width=\"640\" height=\"360\" src=\"https:\/\/www.youtube.com\/embed\/KQTHWkBbQbI?feature=oembed\" frameborder=\"0\" allow=\"accelerometer; autoplay; clipboard-write; encrypted-media; gyroscope; picture-in-picture; web-share\" referrerpolicy=\"strict-origin-when-cross-origin\" allowfullscreen><\/iframe><\/div><\/p>\r\n<p>&nbsp;<\/p>\r\n<p>En partenariat avec l\u2019<a href=\"https:\/\/www.crl10.net\/\" target=\"_blank\" rel=\"noreferrer noopener\"><strong>association CRL10<\/strong><\/a><\/p>\r\n\r\n\r\n\r\n\r\n\r\n\r\n\r\n\r\n\r\n\r\n","protected":false},"excerpt":{"rendered":"<p>Voyagez \u00e0 travers le temps et la musique avec le trio Elektre ! Elektre, un trio qui fait le pont entre deux si\u00e8cles. Un voyage musical et \u00e9lectronique entre la Gr\u00e8ce des ann\u00e9es 1920 et le Paris m\u00e9tiss\u00e9 des ann\u00e9es 2020 \u00e0<\/p>\n<p class=\"link-more\"><a class=\"myButt \" href=\"https:\/\/collectifmdm-idf.org\/annuaire5\/event\/helena-recalde-christine-audat-scenes-du-monde-au-canal-2\/\">EN SAVOIR +<\/a><\/p>\n","protected":false},"author":1,"featured_media":15771,"comment_status":"open","ping_status":"closed","template":"","meta":{"_rtcl_gb_attr":"","_tribe_events_status":"","_tribe_events_status_reason":"","footnotes":""},"tags":[106,552,110,564,565,109,498],"tribe_events_cat":[559],"class_list":["post-15749","tribe_events","type-tribe_events","status-publish","has-post-thumbnail","hentry","tag-crl10","tag-elektre","tag-espace-jemmapes","tag-grece","tag-greek-folklonica","tag-scene-du-canal","tag-scenes-du-monde-au-canal","tribe_events_cat-concert","cat_concert"],"_links":{"self":[{"href":"https:\/\/collectifmdm-idf.org\/annuaire5\/wp-json\/wp\/v2\/tribe_events\/15749","targetHints":{"allow":["GET"]}}],"collection":[{"href":"https:\/\/collectifmdm-idf.org\/annuaire5\/wp-json\/wp\/v2\/tribe_events"}],"about":[{"href":"https:\/\/collectifmdm-idf.org\/annuaire5\/wp-json\/wp\/v2\/types\/tribe_events"}],"author":[{"embeddable":true,"href":"https:\/\/collectifmdm-idf.org\/annuaire5\/wp-json\/wp\/v2\/users\/1"}],"replies":[{"embeddable":true,"href":"https:\/\/collectifmdm-idf.org\/annuaire5\/wp-json\/wp\/v2\/comments?post=15749"}],"version-history":[{"count":4,"href":"https:\/\/collectifmdm-idf.org\/annuaire5\/wp-json\/wp\/v2\/tribe_events\/15749\/revisions"}],"predecessor-version":[{"id":15869,"href":"https:\/\/collectifmdm-idf.org\/annuaire5\/wp-json\/wp\/v2\/tribe_events\/15749\/revisions\/15869"}],"wp:featuredmedia":[{"embeddable":true,"href":"https:\/\/collectifmdm-idf.org\/annuaire5\/wp-json\/wp\/v2\/media\/15771"}],"wp:attachment":[{"href":"https:\/\/collectifmdm-idf.org\/annuaire5\/wp-json\/wp\/v2\/media?parent=15749"}],"wp:term":[{"taxonomy":"post_tag","embeddable":true,"href":"https:\/\/collectifmdm-idf.org\/annuaire5\/wp-json\/wp\/v2\/tags?post=15749"},{"taxonomy":"tribe_events_cat","embeddable":true,"href":"https:\/\/collectifmdm-idf.org\/annuaire5\/wp-json\/wp\/v2\/tribe_events_cat?post=15749"}],"curies":[{"name":"wp","href":"https:\/\/api.w.org\/{rel}","templated":true}]}}

Elektre | Scènes du monde au Canal #3

<div class="wp-block-buttons is-layout-flex wp-block-buttons-is-layout-flex">
<div class="wp-block-button"><a class="wp-block-button__link has-white-color has-luminous-vivid-orange-background-color has-text-color has-background has-link-color wp-element-button" style="border-radius: 0px;" href="https://billetterie.crl10.net/agenda/25-elektre" target="_blank" rel="noopener"><strong>​RÉSERVER</strong></a></div>
</div>



<p><strong>Voyagez à travers le temps et la musique avec le trio Elektre !</strong></p>
<p>Elektre, un trio qui fait le pont entre deux siècles. Un voyage musical et électronique entre la Grèce des années 1920 et le Paris métissé des années 2020 à l’occasion de la 3ème édition des Scènes du Monde au Canal.</p>
<p>Dans la mythologie grecque, Elektra est un personnage complexe. Mère des harpies, fille de l’Océan, cette héroïne mythologique inspirera le nom donné au trio : Elektre. Comme un cri de douleur, un orage qui éclate grâce à l’harmonie des voix, Elektre représente la puissance électrifiante de la voix tout en faisant une référence aux influences électroniques qui chevronnent le projet.</p>
<p>Explorant un univers mêlant au rébétiko et à la chanson grecque, les mille et une textures sonores du trap et du reggaeton, créées par les musiques assistées par ordinateur, le trio suggère un voyage dans l’histoire des féminités grecques et plurielles grâce à la musiques, l’improvisation et la danse.</p>
<p>Elektre revisite le patrimoine culturel grec en y injectant des productions urbaines. De rendre cette musique peu diffusée en France accessible à un public plus large par le biais de l’approche électro-urbaine. Se faisant, le trio fait la belle part à la voix grecque, si mélismatique, dense et prodigieuse, héritage ottoman et témoin de la richesse d’influences de la Grèce, qui est “au carrefour entre Orient et Occident”.</p>
<p>Né en 2023, le trio de folklore grec-electronique, Elektre est immédiatement repéré par le Dispositif d&#8217;Accompagnement Women Beats. Il sera alors soutenu par la SMAC de Gennevilliers, le Tamanoir avant d&#8217;être nommé, en 2024, finaliste du Prix des Musiques d&#8217;ici et de remporter le dispositif d&#8217;accompagnement &#8220;Le déclencheur&#8221; de la MJC de Sceaux.</p>
<p>&nbsp;</p>
<p><div class="responsive-container"><iframe title="ELEKTRE - IRTHA TA KSIMEROMATA" width="640" height="360" src="https://www.youtube.com/embed/KQTHWkBbQbI?feature=oembed" frameborder="0" allow="accelerometer; autoplay; clipboard-write; encrypted-media; gyroscope; picture-in-picture; web-share" referrerpolicy="strict-origin-when-cross-origin" allowfullscreen></iframe></div></p>
<p>&nbsp;</p>
<p>En partenariat avec l’<a href="https://www.crl10.net/" target="_blank" rel="noreferrer noopener"><strong>association CRL10</strong></a></p>

<p>Voyagez à travers le temps et la musique avec le trio Elektre ! Elektre, un trio qui fait le pont entre deux siècles. Un voyage musical et électronique entre la Grèce des années 1920 et le Paris métissé des années 2020 à</p>
<p class="link-more"><a class="myButt " href="https://collectifmdm-idf.org/annuaire5/event/helena-recalde-christine-audat-scenes-du-monde-au-canal-2/">EN SAVOIR +</a></p>
