{"id":13505,"date":"2024-02-15T15:40:05","date_gmt":"2024-02-15T14:40:05","guid":{"rendered":"https:\/\/collectifmdm-idf.org\/?post_type=rtcl_listing&#038;p=13505"},"modified":"2024-03-06T17:02:09","modified_gmt":"2024-03-06T16:02:09","slug":"il-suffirait-dun-jour-de-soleil","status":"publish","type":"rtcl_listing","link":"https:\/\/collectifmdm-idf.org\/annuaire5\/projet-artistique\/il-suffirait-dun-jour-de-soleil\/","title":{"rendered":"IL SUFFIRAIT D&#8217;UN JOUR DE SOLEIL"},"content":{"rendered":"<p>L\u2019ensemble Il suffirait d\u2019un jour de soleil, na\u00eet de la rencontre fortuite de deux voix, celles des deux com\u00e9diennes et chanteuses Anna Andreotti et Margherita Trefoloni. Le duo s\u2019est cr\u00e9\u00e9 en 2013 \u00e0 partir d\u2019une envie forte de chanter ensemble et de raconter \u2013 \u00e0 un public fran\u00e7ais \u2013 l\u2019Italie, \u00e0 travers la voix des po\u00e8tes et celle du peuple.<\/p>\n<p>C\u2019est aussi une rencontre de voix, et de timbres, bien s\u00fbr ! Ainsi que d\u2019int\u00e9r\u00eats et d\u2019engagements partag\u00e9s et d\u2019une \u00e9nergie commune. Margherita et Anna se sont rencontr\u00e9es, au sein du ch\u0153ur militant \u201cChants de rage et de r\u00e9volte\u201d, en 2009, et partagent le projet \u201cSur les traces de l\u2019immigration italienne\u201d depuis 2010.<\/p>\n<p>Grandes passionn\u00e9es de po\u00e9sie, au moment de la cr\u00e9ation de leur duo, elles donnent forme et vie \u00e0 leur premier spectacle-concert \u00ab Et toute l\u2019Italie se remet \u00e0 chanter \u2013 voyage po\u00e9tique et musical dans l\u2019Italie du XXe si\u00e8cle \u00bb. En 2020, \u00e0 la sortie du premier confinement, elles d\u00e9cident de recommencer l\u2019aventure avec \u00ab Ama chi ti ama \u2013 chants et po\u00e8mes d\u2019une Italie amoureuse \u00bb.<br \/>\n\u00ab Nous nous sommes rencontr\u00e9es en France \u00e0 1200 km de chez nous, mais nous sommes n\u00e9es \u00e0 70 km de distance. Nos voix de Sienne et de Florence, villes si proches et pourtant historiquement en \u00e9ternel conflit, nous ont r\u00e9unies.<\/p>\n<p>Voil\u00e0 qu\u2019est n\u00e9 un premier spectacle : Et toute l\u2019Italie se remet \u00e0 chanter, un voyage pour questionner notre rapport au pays, une tentative pour comprendre, \u00e0 travers la \u201cloupe\u201d de la po\u00e9sie du XX\u00e8me si\u00e8cle et des chants traditionnels, l\u2019histoire proche de l\u2019Italie. Apr\u00e8s 5 ans, le questionnement nous a repris, comme une envie imp\u00e9rieuse, un d\u00e9sir profond de nous d\u00e9finir cette fois non plus par rapport \u00e0 notre culture mais d\u2019un point de vue plus intime, celui des affects, de l\u2019amour\u2026 \u00bb<\/p>\n","protected":false},"author":1,"comment_status":"open","ping_status":"closed","template":"","class_list":["post-13505","rtcl_listing","type-rtcl_listing","status-publish","hentry","rtcl_category-musique","rtcl_location-europe","rtcl_tag-annuaire-du-collectif-5","rtcl_tag-chants-traditionnels","rtcl_tag-europe","rtcl_tag-italie","rtcl_tag-theatre","listing-item","rtcl-listing-item"],"_links":{"self":[{"href":"https:\/\/collectifmdm-idf.org\/annuaire5\/wp-json\/wp\/v2\/rtcl_listing\/13505","targetHints":{"allow":["GET"]}}],"collection":[{"href":"https:\/\/collectifmdm-idf.org\/annuaire5\/wp-json\/wp\/v2\/rtcl_listing"}],"about":[{"href":"https:\/\/collectifmdm-idf.org\/annuaire5\/wp-json\/wp\/v2\/types\/rtcl_listing"}],"author":[{"embeddable":true,"href":"https:\/\/collectifmdm-idf.org\/annuaire5\/wp-json\/wp\/v2\/users\/1"}],"replies":[{"embeddable":true,"href":"https:\/\/collectifmdm-idf.org\/annuaire5\/wp-json\/wp\/v2\/comments?post=13505"}],"wp:attachment":[{"href":"https:\/\/collectifmdm-idf.org\/annuaire5\/wp-json\/wp\/v2\/media?parent=13505"}],"curies":[{"name":"wp","href":"https:\/\/api.w.org\/{rel}","templated":true}]}}

<p>L’ensemble Il suffirait d’un jour de soleil, naît de la rencontre fortuite de deux voix, celles des deux comédiennes et chanteuses Anna Andreotti et Margherita Trefoloni. Le duo s’est créé en 2013 à partir d’une envie forte de chanter ensemble et de raconter – à un public français – l’Italie, à travers la voix des poètes et celle du peuple.</p>
<p>C’est aussi une rencontre de voix, et de timbres, bien sûr ! Ainsi que d’intérêts et d’engagements partagés et d’une énergie commune. Margherita et Anna se sont rencontrées, au sein du chœur militant “Chants de rage et de révolte”, en 2009, et partagent le projet “Sur les traces de l’immigration italienne” depuis 2010.</p>
<p>Grandes passionnées de poésie, au moment de la création de leur duo, elles donnent forme et vie à leur premier spectacle-concert « Et toute l’Italie se remet à chanter – voyage poétique et musical dans l’Italie du XXe siècle ». En 2020, à la sortie du premier confinement, elles décident de recommencer l’aventure avec « Ama chi ti ama – chants et poèmes d’une Italie amoureuse ».<br />
« Nous nous sommes rencontrées en France à 1200 km de chez nous, mais nous sommes nées à 70 km de distance. Nos voix de Sienne et de Florence, villes si proches et pourtant historiquement en éternel conflit, nous ont réunies.</p>
<p>Voilà qu’est né un premier spectacle : Et toute l’Italie se remet à chanter, un voyage pour questionner notre rapport au pays, une tentative pour comprendre, à travers la “loupe” de la poésie du XXème siècle et des chants traditionnels, l’histoire proche de l’Italie. Après 5 ans, le questionnement nous a repris, comme une envie impérieuse, un désir profond de nous définir cette fois non plus par rapport à notre culture mais d’un point de vue plus intime, celui des affects, de l’amour… »</p>
