{"id":13399,"date":"2024-02-14T12:10:14","date_gmt":"2024-02-14T11:10:14","guid":{"rendered":"https:\/\/collectifmdm-idf.org\/?post_type=rtcl_listing&#038;p=13399"},"modified":"2024-03-06T17:08:08","modified_gmt":"2024-03-06T16:08:08","slug":"abraham-reunion","status":"publish","type":"rtcl_listing","link":"https:\/\/collectifmdm-idf.org\/annuaire5\/projet-artistique\/abraham-reunion\/","title":{"rendered":"ABRAHAM R\u00c9UNION"},"content":{"rendered":"<p>\u00c9toiles montantes de la nouvelle sc\u00e8ne jazz fran\u00e7aise, les musiciens de la fratrie Abraham r\u00e9unissent leurs talents pour nous livrer ce premier opus lumineux et sinc\u00e8re. Ils nous offrent un univers foisonnant au carrefour des cultures carib\u00e9ennes, jazz et classiques, port\u00e9 par des harmonies aux accents impressionnistes, o\u00f9 la danse cr\u00e9ole flirte avec la chanson et la mazurka rencontre les congas.<\/p>\n<p>Les compositions \u00e9loquentes ou feutr\u00e9es, mais toujours profond\u00e9ment ancr\u00e9es dans la tradition africaine, nous plongent dans une travers\u00e9e de leurs univers et de leurs temp\u00eates int\u00e9rieures, toujours guid\u00e9s par une \u00e9nergie solaire. Les voix de la diaspora semblent r\u00e9sonner en \u00e9cho avec celles du trio Abraham et de leurs invit\u00e9s pour porter un appel \u00e0 la pers\u00e9v\u00e9rance et \u00e0 l\u2019optimisme, dont la joie se fait l\u2019unique boussole.<\/p>\n","protected":false},"author":1,"comment_status":"open","ping_status":"closed","template":"","class_list":["post-13399","rtcl_listing","type-rtcl_listing","status-publish","hentry","rtcl_category-musique","rtcl_location-afrique","rtcl_tag-afrique","rtcl_tag-annuaire-du-collectif-5","rtcl_tag-caraibes","rtcl_tag-jazz","rtcl_tag-jazz-caribeen","listing-item","rtcl-listing-item"],"_links":{"self":[{"href":"https:\/\/collectifmdm-idf.org\/annuaire5\/wp-json\/wp\/v2\/rtcl_listing\/13399","targetHints":{"allow":["GET"]}}],"collection":[{"href":"https:\/\/collectifmdm-idf.org\/annuaire5\/wp-json\/wp\/v2\/rtcl_listing"}],"about":[{"href":"https:\/\/collectifmdm-idf.org\/annuaire5\/wp-json\/wp\/v2\/types\/rtcl_listing"}],"author":[{"embeddable":true,"href":"https:\/\/collectifmdm-idf.org\/annuaire5\/wp-json\/wp\/v2\/users\/1"}],"replies":[{"embeddable":true,"href":"https:\/\/collectifmdm-idf.org\/annuaire5\/wp-json\/wp\/v2\/comments?post=13399"}],"wp:attachment":[{"href":"https:\/\/collectifmdm-idf.org\/annuaire5\/wp-json\/wp\/v2\/media?parent=13399"}],"curies":[{"name":"wp","href":"https:\/\/api.w.org\/{rel}","templated":true}]}}

ABRAHAM RÉUNION

<p>Étoiles montantes de la nouvelle scène jazz française, les musiciens de la fratrie Abraham réunissent leurs talents pour nous livrer ce premier opus lumineux et sincère. Ils nous offrent un univers foisonnant au carrefour des cultures caribéennes, jazz et classiques, porté par des harmonies aux accents impressionnistes, où la danse créole flirte avec la chanson et la mazurka rencontre les congas.</p>
<p>Les compositions éloquentes ou feutrées, mais toujours profondément ancrées dans la tradition africaine, nous plongent dans une traversée de leurs univers et de leurs tempêtes intérieures, toujours guidés par une énergie solaire. Les voix de la diaspora semblent résonner en écho avec celles du trio Abraham et de leurs invités pour porter un appel à la persévérance et à l’optimisme, dont la joie se fait l’unique boussole.</p>
