{"id":13238,"date":"2024-02-09T18:44:20","date_gmt":"2024-02-09T17:44:20","guid":{"rendered":"https:\/\/collectifmdm-idf.org\/?post_type=rtcl_listing&#038;p=13238"},"modified":"2024-03-06T17:09:20","modified_gmt":"2024-03-06T16:09:20","slug":"mario-et-la-sanza-magique","status":"publish","type":"rtcl_listing","link":"https:\/\/collectifmdm-idf.org\/annuaire5\/projet-artistique\/mario-et-la-sanza-magique\/","title":{"rendered":"MARIO ET LA SANZA MAGIQUE"},"content":{"rendered":"<p>Mario s&#8217;ennuie dans sa chambre. Heureusement il y a sa voisine Mamie Maboul et son histoire de &#8220;sanza magique&#8221;. Mais qu&#8217;a t-elle de particulier cette sanza? Et comment la retrouver? Mario sera guid\u00e9 dans sa qu\u00eate par un perroquet qui b\u00e9gaie, un poisson qui a perdu sa maison et une tortue tr\u00e8s en retard. Tous profiteront des bienfaits de la f\u00e9e sanza et d\u00e9couvriront les pouvoirs de la musique&#8230;<\/p>\n<p>Entrez avec Mario dans un univers po\u00e9tique, parsem\u00e9 de clins d\u2019\u0153il au Congo en m\u00eame temps qu\u2019au langage musical classique. Un conte inspir\u00e9 par le parcours du musicien Patrick Mund\u00e9l\u00e9 qui a grandi \u00e0 Kinshasa et qui pratique la sanza depuis 2008.<\/p>\n<p>\u00c0 voir \u00e0 partir de 4 ans.<\/p>\n","protected":false},"author":1,"comment_status":"open","ping_status":"closed","template":"","class_list":["post-13238","rtcl_listing","type-rtcl_listing","status-publish","hentry","rtcl_category-conte","rtcl_location-afrique","rtcl_tag-afrique","rtcl_tag-annuaire-du-collectif-5","rtcl_tag-congo","rtcl_tag-conte-musical","rtcl_tag-jeune-public","rtcl_tag-theatre-musical","listing-item","rtcl-listing-item"],"_links":{"self":[{"href":"https:\/\/collectifmdm-idf.org\/annuaire5\/wp-json\/wp\/v2\/rtcl_listing\/13238","targetHints":{"allow":["GET"]}}],"collection":[{"href":"https:\/\/collectifmdm-idf.org\/annuaire5\/wp-json\/wp\/v2\/rtcl_listing"}],"about":[{"href":"https:\/\/collectifmdm-idf.org\/annuaire5\/wp-json\/wp\/v2\/types\/rtcl_listing"}],"author":[{"embeddable":true,"href":"https:\/\/collectifmdm-idf.org\/annuaire5\/wp-json\/wp\/v2\/users\/1"}],"replies":[{"embeddable":true,"href":"https:\/\/collectifmdm-idf.org\/annuaire5\/wp-json\/wp\/v2\/comments?post=13238"}],"wp:attachment":[{"href":"https:\/\/collectifmdm-idf.org\/annuaire5\/wp-json\/wp\/v2\/media?parent=13238"}],"curies":[{"name":"wp","href":"https:\/\/api.w.org\/{rel}","templated":true}]}}

<p>Mario s&#8217;ennuie dans sa chambre. Heureusement il y a sa voisine Mamie Maboul et son histoire de &#8220;sanza magique&#8221;. Mais qu&#8217;a t-elle de particulier cette sanza? Et comment la retrouver? Mario sera guidé dans sa quête par un perroquet qui bégaie, un poisson qui a perdu sa maison et une tortue très en retard. Tous profiteront des bienfaits de la fée sanza et découvriront les pouvoirs de la musique&#8230;</p>
<p>Entrez avec Mario dans un univers poétique, parsemé de clins d’œil au Congo en même temps qu’au langage musical classique. Un conte inspiré par le parcours du musicien Patrick Mundélé qui a grandi à Kinshasa et qui pratique la sanza depuis 2008.</p>
<p>À voir à partir de 4 ans.</p>
